3 + z**2 - 1/4*z**4 - 3*z. What is d(2)?
-3
Let v(a) = a**2 - 7*a - 1. Suppose -19 = -4*c + 9. What is v(c)?
-1
Let h(f) be the first derivative of 6*f + 2 - 1/2*f**2. What is h(3)?
3
Let f(u) be the first derivative of u**2 - 4*u + 2. Suppose -5*m + 2*j + 9 = 0, j + 1 + 2 = 2*m. Calculate f(m).
2
Let f(j) = j - 8. Suppose 13 + 12 = 5*b. Suppose 10*o = b*o + 25. What is f(o)?
-3
Let z = -6 - -7. Let w(d) = 2*d - 2*d**2 - 2*d**3 + 3 + 8*d**3 - 9*d**3 - 4. Give w(z).
-4
Let k(b) = b**3 - 3*b**2 - 3*b + 5. Let d(y) be the third derivative of y**3/6 + y**2. Let r(c) = 3*d(c) - k(c). Calculate r(3).
7
Let w(v) be the second derivative of v**5/20 + 5*v**4/12 - 3*v**2/2 - 2*v. Let c(x) = x - 5. Let o be c(0). Determine w(o).
-3
Let i(y) = -y**3 + 6*y**2 + 8. Let l be 5/(-15) + (-57)/(-9). Give i(l).
8
Let r(w) = -3*w**2 + 3. Let j(z) = -2*z**2 + 2. Let a(g) = 7*j(g) - 5*r(g). Let n(h) = -2*h**2 - 2*h - 1. Let m be n(-1). Determine a(m).
0
Let t(q) = -q**2 + 4*q - 4. Suppose -5*c = 2*a + 4, 3*a = c + 4 + 7. What is t(a)?
-1
Let o(k) = k**3 - 3*k**2 - 5*k + 6. Suppose -2 - 6 = -4*w. Let g(l) = 6*l + 0*l**2 - l**2 + 2*l**w - 3. Let x be g(-7). Calculate o(x).
2
Suppose 42*f - 39*f + 12 = 0. Let z(t) = -t**2 - 10*t - 2. Calculate z(f).
22
Suppose -5*y = -y. Suppose y = 5*h + 15 + 5. Let d(j) be the second derivative of j**4/12 + 2*j**3/3 - j**2/2 + 3*j. Give d(h).
-1
Let c(z) = -2*z**2 - 6*z + 16. Let r be c(2). Let d(y) = y**2 + 3*y + 1. What is d(r)?
5
Let b(r) = 2 - r**3 - 87*r - 2*r**2 + 89*r + 3*r**2. Suppose 3*w - 17 = -8. Give b(w).
-10
Let y(b) = -8*b + 4. Let l(x) = -9*x + 5. Let j(h) = 5*l(h) - 6*y(h). Calculate j(2).
7
Let p(z) = -3*z**2 - 11*z + 1. Let b(q) = -5*q**2 - 17*q + 2. Let y(v) = 5*b(v) - 8*p(v). Let x be 29 - 29 - ((-1)/(-1) - -1). Determine y(x).
-8
Suppose -3*x = -1 + 10. Let u(c) = c + 6. What is u(x)?
3
Suppose -2*g + 4 - 12 = 0. Let a(d) be the third derivative of d**5/60 + d**4/8 + 2*d**3/3 - 5*d**2. Determine a(g).
8
Let l(h) = h**2 - 2. Let b be l(0). Let i be 2/4*b - 0. Let u(o) = -6*o. Give u(i).
6
Let d(f) = f**2 - 4*f - 5. Let u be d(4). Let c(z) be the first derivative of -z**2/2 - 2*z + 76. Calculate c(u).
3
Let o(u) = -u + 1. Suppose -3*m + 3*r = 3, 2*m + 0*m = -5*r + 33. Determine o(m).
-3
Let o(w) = w. Let j be (3 - 2)/(-2)*2. Let c be o(j). Let f = 2 + c. Let p(n) = n. Determine p(f).
1
Suppose 13 = -4*d + 5. Let b = 1 - d. Let k(p) = 26*p - 17. Let t(x) = 9*x - 6. Let c(s) = -6*k(s) + 17*t(s). Determine c(b).
-9
Let v(j) = -2*j**2 + 4*j - 4. Let n be v(2). Let w(g) = -g**3 - 3*g**2 + 5*g + 6. Calculate w(n).
2
Let b(g) = -g**2 - 2*g - 1. Let c be (-136)/6 - (-10)/15. Let l be c/8 - 2/8. What is b(l)?
-4
Let g(h) = h**2 - 3*h - 5. Let z(i) = i**3 + i**2 + i + 1. Let v be z(0). Let y be (-4 - (-3 + v)) + 7. Calculate g(y).
5
Let b(d) = d**2 + d. Let r be b(-2). Suppose -j = r - 3. Let w(g) = -7*g**3 + 2*g**2 - g. Calculate w(j).
-6
Let y(m) = -m**3 - m - m + 0 - 3 - 3*m**2 + m**2. Suppose 5*i - 10 = 2*p, -2*p = 4*i + 3 - 11. Suppose -4*x - 6 - 2 = p. What is y(x)?
1
Let r(g) be the first derivative of -5*g**3/3 + 5*g**2/2 + 5*g + 2. Let i(h) = 4*h**2 - 4*h - 4. Let w be (2/2)/(2/10). Let c(x) = w*r(x) + 6*i(x). Give c(3).
-5
Suppose -2*l + 3*u + 14 = 0, -5*l + 5*u + 21 = u. Let v(d) = -4 - l - 1 + d**3 - 7*d + 3*d**2. Suppose c - 3*f + 11 = -c, -25 = 5*c - 5*f. Give v(c).
6
Let v(y) = 6*y**3 + 2*y**2 - 1. Let k be v(-1). Let x = 7 + k. Let m be 4 + -3*x/(-6). Let a(i) = i**3 - 6*i**2 + 5*i + 3. Give a(m).
3
Let h be (-1*(-2)/72)/(10/3). Let r(l) be the third derivative of 1/60*l**5 + 1/24*l**4 - h*l**6 + 0*l - 1/6*l**3 + 0 - 2*l**2. Give r(2).
-3
Let f(u) = 2*u + 3*u - 4*u. Let g(r) = 3*r - 4. Let h(s) = 2*f(s) - g(s). Let v be (-33)/(-7) - 2/(-7). Determine h(v).
-1
Let r(u) be the third derivative of -u**4/24 - 2*u**3/3 - u**2. Let x(n) = n**2 + 3*n - 3. Let g be x(-5). Let j = -3 + g. Calculate r(j).
-8
Let a(m) be the first derivative of m**4/12 - 4*m**3/3 + 3*m**2/2 + 6. Let t(n) be the second derivative of a(n). Determine t(6).
4
Let f(q) = q**3 + 6*q**2 - 7*q + 7. Suppose -2*w = -5*x + 9, -3*w + 2*x + 0*x = 19. Give f(w).
7
Suppose 3*a - 4*a = y - 5, 5*a = 4*y - 11. Let p(d) = -14*d - 1. Calculate p(a).
-15
Let r = 1 - 0. Let x be r*(-17 + -1)/3. Let j(i) = -i**2 - 4*i + 8. Calculate j(x).
-4
Suppose -2*t = -3*t. Suppose b + t - 2 = 0. Let s be (b + 0 - 2) + -4. Let q(h) = h**3 + 4*h**2 + h - 1. Calculate q(s).
-5
Suppose -8*v = 5 - 21. Let k(m) = -m**3 - 2*m + 2. Determine k(v).
-10
Let q(a) = a - 5. Let k(d) = 2*d - 4. Let t(w) = 6*k(w) - 5*q(w). Give t(-2).
-13
Let k(a) = -2*a + 1. Let s(d) = d + 19. Let u be s(-22). What is k(u)?
7
Let q(z) be the first derivative of -z**4/4 + 5*z**3/3 - 3*z**2/2 - 3*z + 1. Let x = 50 - 47. Give q(x).
6
Let k(v) be the third derivative of v**4/24 - v**3/3 + 7*v**2. Calculate k(6).
4
Let l(o) = -o - 2. Let t(k) = -2*k - 4. Let a(u) = -9*l(u) + 4*t(u). Calculate a(0).
2
Let l(m) = 3*m**2. Suppose 2*s + 3 = 7. Let i be (s - -1)*2/(-2). Let w be 2/i*3/(-2). Calculate l(w).
3
Let r(s) = s**3 + 3*s**2 - 2*s + 1. Suppose 5*c + t = -22, -3*t + 2 = -c - 2*t. Calculate r(c).
-7
Let z(v) = v**3 - 5*v**2 + 6*v. Suppose -39 + 3 = -9*n. What is z(n)?
8
Let b(u) = -u**3 - 6*u**2 - 5*u. Let i = 0 - 5. Let m be b(i). Let x(n) = n - 2. Calculate x(m).
-2
Let y(v) be the first derivative of v**2 - v - 3. Suppose -8*c + 3*c = -20. Calculate y(c).
7
Let q(k) = -k - 2. Let f(o) = 3*o + 5. Let b(w) = 2*f(w) + 5*q(w). Calculate b(3).
3
Let n(o) = -3 - o + 15 - 3 - 1. Calculate n(7).
1
Let q(s) be the first derivative of s**4/4 + 10*s**3/3 + 5*s**2 + 10*s - 9. Determine q(-9).
1
Let z(y) be the second derivative of -y**5/20 + y**4/2 - y**3 - y**2/2 + 58*y. Calculate z(5).
-6
Let q(i) = -3*i. Let p(s) = 3*s + 1. Let v(c) = 5*p(c) + 4*q(c). Calculate v(-6).
-13
Suppose 3*l - 4*g + 28 = 0, -4*l - 35 = -0*g - 3*g. Let m(z) = -13*z + 7. Let s(i) = -20*i + 11. Let q(c) = l*m(c) + 5*s(c). Give q(-2).
-9
Let x(l) be the third derivative of -l**5/60 - 11*l**4/24 + 2*l**3 - 38*l**2. Determine x(-12).
0
Let v be (-245)/(-20) - 1/4. Suppose 0*a = -3*a + v. Let n(f) = 1 + 3*f + 0 - a*f. What is n(-3)?
4
Let t be (-4)/(-1*3 - -1). Let u = -2 - t. Let f(b) = 6*b + 20. Let p(r) = 2*r + 7. Let c(l) = -6*f(l) + 17*p(l). Give c(u).
7
Let f(d) be the second derivative of d - 1/6*d**3 + 0 - 2*d**2. Determine f(-4).
0
Let s(u) be the third derivative of -u**6/30 + u**5/30 - u**4/24 - 29*u**2. What is s(1)?
-3
Suppose 0 = -3*t - 0*t. Let a(h) = -h**2 + 1. Let o(w) be the third derivative of -w**5/20 + 3*w**3/2 + 3*w**2. Let x(v) = -2*a(v) + o(v). What is x(t)?
7
Let p(o) = -6 - 5*o + o - 2*o**2 + 5*o - 9*o. Calculate p(-5).
-16
Let q(s) = -3*s**3 - 2*s + 1. Let b be q(1). Let a be -1*b/((-8)/(-10)). Let n(p) = p**2 - 4*p - 7. Calculate n(a).
-2
Let l(d) = 2*d**2 + 1 - 4*d**2 - d**3 - 3. What is l(-2)?
-2
Let y = 12 + -15. Let w be -1 + (-1)/1 - 0. Let n be (1/w)/(y/6). Let o(u) = 3*u**3 + u**2 + u - 1. Calculate o(n).
4
Let o(a) = -a**3 - 2*a**2 - 2*a - 2. Let i = 8 - 1. Suppose -5*p - 7 = -3*l, -2 = 3*p + 3*l + i. Calculate o(p).
2
Let k(g) = -3 + 5*g + 4 - g**2 + 2*g**2. Determine k(-3).
-5
Let r(o) = -o**2 - 7*o - 6. Let p be r(-5). Suppose 2*f + 4*l - l = -7, l = f - p. Let c(q) = f + 0 - 11*q**2 + 7*q**2. What is c(-1)?
-3
Let j(w) = 2*w - 2 + 0 + 0. Let n(v) = -v**2 + 6*v + 5. Let d be n(6). Let r = d + -7. What is j(r)?
-6
Let w(v) be the third derivative of v**5/60 + v**4/24 + 11*v**3/6 - 12*v**2. Determine w(0).
11
Suppose -g + 13 = 5*f + 3, 22 = -3*f + 5*g. Suppose 5*l - 10 = -0*l. Let j(m) = -m + 0*m**2 + 0*m**2 + 2*m**l - 2*m**3. Calculate j(f).
-1
Let h(y) = y**3 - 3*y**2 + y - 2. Let c(p) = -p**3 + 7*p**2 - 8*p + 8. Let b be c(6). Let t be 14/b*(-12)/21. Give h(t).
-4
Suppose 2*t + 11 = 3*m, -3*m = t - 7*m + 18. Suppose t = -5*z - 8. Let j be ((-12)/15)/(z/10). Let f(p) = p**3 - 5*p**2 + 4*p + 5. Give f(j).
5
Let u(x) = x**3 + 6*x**2 + 2*x + 7. Let f = -8 - -8. Suppose f*o + 2*o + 12 = 0. Give u(o).
-5
Let i(b) be the third derivative of -b**6/40 + b**5/60 - b**4/24 + b**3/6 - 10*b**2. Determine i(1).
-2
Suppose z + 6 = 4*z. Let p(b) = -3*b**2 + 1 + 2 + 0*b**2 + 2*b**z + 3*b. What is p(5)?
-7
Let t(